e
Suppose -75177 = -3*o - 29262. Is o a prime number?
False
Suppose 3*u = 3*y - 66, 3*y = 2*y. Let k = -22 - u. Suppose 3*h + 2*h - 485 = k. Is h composite?
False
Suppose -94*k + 69990 = -88*k. Is k prime?
False
Let o be 3 + (-1 - 1) + -1. Suppose 5*c - 3*h - 504 - 94 = o, -h = -4. Is c a composite number?
True
Suppose 4*m = -20*m + 120. Is m/(-10)*-412 + -3 a composite number?
True
Let r(o) be the third derivative of o**5/60 - o**4/6 + 7*o**3/2 + 2*o**2. Is r(6) a composite number?
True
Let s = -2843 - -9196. Is s a composite number?
False
Let o(a) be the first derivative of a**4/2 - 8*a**3 + 7*a**2/2 - 13*a - 32. Is o(16) composite?
True
Suppose 6 = 8*j - 6*j. Suppose w - 2*u - 313 = -u, u + 947 = j*w. Is w a composite number?
False
Suppose -r - 4*c = 12278, 2*c - 12 = -c. Let x be (r/(-12))/(6/8). Suppose -4*t + 5*m + x = -3*t, -3*t + 4086 = -3*m. Is t composite?
False
Suppose 0 = 590*m - 591*m + 5227. Is m a composite number?
False
Let k(o) = -4*o - 8. Let l be (1 + (-2)/(-4))*-2. Let u be k(l). Suppose 2*a + u*w - 1594 = -0*w, 5*w + 797 = a. Is a composite?
False
Suppose -32*k = -27*k - 745. Is k a composite number?
False
Let d = 45 + -14. Is -3*d/(-3)*(-1 + 2) a composite number?
False
Let n = 46983 + -23794. Is n a prime number?
True
Suppose -2*y + 66172 = 3*b, 4*b = -y - 0*b + 33091. Is y prime?
True
Let z = 20387 + -13924. Is z composite?
True
Is -3*1465/(-60)*4 a composite number?
False
Let x(i) = 15386*i**2 + 21*i - 40. Is x(2) a composite number?
True
Suppose 2*j + 2*z = -2, -2 = -j - 2*j - 2*z. Suppose -2 = 5*c + 8, 0 = j*n + 4*c - 14180. Is n a prime number?
True
Let l(h) = -h**2 + 11*h - 8. Let z be l(10). Suppose 14 + 10 = z*j - g, -5*j = -g - 60. Is (-6 + 2)*(-249)/j a composite number?
False
Let j(p) = 4*p + 19. Let n be j(-4). Is (-4)/8 + ((-2223)/(-6))/n composite?
True
Suppose -12756 + 4099 = -11*k. Is k prime?
True
Let y = -5 + 15. Suppose 2*z = -3*z - y. Is 33 - (0/1 + z) a composite number?
True
Suppose 12 = -3*k, -4*k + 24 = 4*w - 0*w. Let a = w + -7. Suppose q - 2*p - 377 = -0*p, a*p - 1475 = -4*q. Is q a prime number?
False
Let t be -7*-1*(-6)/(-21). Suppose -h - t*h = -561. Suppose 0 = -2*n + 4*a + 146, 4*n - 2*a = 7*n - h. Is n a composite number?
True
Let w(q) = q**2 - 7*q + 9. Let c be w(6). Suppose -5*r + 3*r + 4*h = -140, 2*h - 226 = -c*r. Is r a composite number?
True
Is 4494 + (1 - 0 - -4) a prime number?
False
Let x = -3952 + 9305. Is x a prime number?
False
Let w(j) = j**2 - 7*j + 14. Let f be w(4). Suppose -z - 1559 = -3*y, -3*y + f*z - 1050 = -5*y. Is y composite?
False
Suppose -m + u = -361 + 75, -u - 4 = 0. Let s = 834 - m. Suppose -s + 165 = -3*n. Is n composite?
True
Let f = 189 - -784. Is f composite?
True
Let k(y) = 6*y**2 - 6*y - 17. Is k(16) a composite number?
False
Let a = -273 - -470. Let u = 182 + a. Is u a prime number?
True
Let g be (-316)/(-36) - (-4)/18. Let c(j) = -9 + 868*j - 3 - g + 22. Is c(1) a prime number?
False
Let a be (9 + -18)*2/6. Is 1226/(22/10 + a/15) prime?
True
Let g be (5/(-2))/5*0. Suppose g = 2*b + 2*b + 32. Is (194/(-4))/(4/b) a composite number?
False
Let b(r) = 4*r**2 + 45 + 10*r**3 - 56 - 10*r - 2*r**3. Is b(5) composite?
False
Suppose 47*d - 44*d = 0. Suppose d*i + 1058 = 2*g + 2*i, -1046 = -2*g + 2*i. Is g prime?
False
Is 41723/22*6/3 composite?
False
Let b(c) be the second derivative of 13*c**4/6 + c**3/3 + c**2/2 + 6*c. Let j be b(2). Suppose 0 = 4*r - 383 - j. Is r composite?
True
Let d(y) = 7*y**2 - y + 1. Let f = 59 - 67. Is d(f) a composite number?
False
Let u be (-2 - -23)*1/3. Let q(y) = -y**2 + 8*y - 3. Let t be q(u). Suppose t*i = 2*i - 2, 0 = 2*b + 3*i - 155. Is b prime?
True
Let j = 28859 - 9420. Is j a prime number?
False
Suppose 37840 = 2*y + w, 0 = -5*y + 19*w - 16*w + 94589. Is y prime?
True
Suppose -2*p - 3*p = -75. Suppose 3*s + 2*s = -p. Is (0 - (3 - 209)) + s composite?
True
Let s(a) be the third derivative of a**5/20 + 5*a**4/12 - 3*a**3 + a**2. Let f be s(-10). Suppose 8*o - 10*o = -f. Is o a prime number?
False
Is (-399831)/(-45) - 4/30 composite?
True
Let r = -64 + 321. Let x be (-206)/(1 - 6/4). Let p = x - r. Is p prime?
False
Suppose 0 = 4*n + 25 + 27. Let x(c) = -15*c + 16. Is x(n) composite?
False
Suppose 2*i = 4*g + 122, -5*g + 214 = 3*i + 64. Let a = i - 4. Is a composite?
True
Let r(p) = -404 - 14*p + 423 - p. Is r(-6) a composite number?
False
Let r(f) = -f**3 + 12*f**2 - f + 6. Let k be r(12). Is (-5530)/k + (-4)/(-12) a prime number?
False
Let v = -5 + 4. Let k be (v - 0)*1900/(-5). Suppose 3*u + 69 + 315 = 4*i, -4*i + 2*u + k = 0. Is i a composite number?
True
Let i(v) = 1478*v + 39. Is i(8) composite?
False
Suppose 0 = -5*o + 37*o - 15520. Is o prime?
False
Let v(t) = -119*t + 43. Is v(-14) composite?
False
Let m(u) = 13*u - 7. Let s be m(9). Suppose -j + 4 + 121 = -2*h, h - s = -j. Is j a composite number?
True
Suppose 99*h - 110*h = -219769. Is h a prime number?
True
Let r(s) = 73*s**3 + 11*s**2 - 37*s + 9. Is r(4) composite?
True
Let o(x) = 47*x - 6. Let j be o(7). Let w(l) = 65*l - 1. Let r be w(7). Let i = r - j. Is i prime?
True
Let k be (2/1 - -11) + -1. Suppose 0 = 3*z + z - k. Suppose -z*o - 11 = -4*o. Is o composite?
False
Suppose h = 2*h - 3*k - 34, -122 = -5*h - k. Suppose 0 = -5*q + h - 5. Suppose i - 905 = -q*i. Is i prime?
True
Suppose 0 = 2*w - 3*k + 6*k - 19048, -2*w = k - 19052. Is w a prime number?
False
Let y(u) = 173*u**2 + 10*u + 79. Is y(-6) composite?
False
Suppose 42*p = 11*p + 2449961. Is p a composite number?
False
Let n = 2814 + 14041. Is n a prime number?
False
Suppose -5*b + 20 = 2*g, 2*g = 4*g + 2*b - 14. Suppose 15574 = g*q + 3909. Is q prime?
True
Let l(r) = r**2 - 11*r + 15. Let m be l(8). Is (-1892)/(-3) + 3*(-1)/m a prime number?
True
Suppose 2*b = -3*b. Suppose -3*l + 354 + 3 = b. Is l prime?
False
Let u = 461 - 650. Let t = u + 316. Is t a prime number?
True
Is 8*5/180 + 687506/18 composite?
True
Let h(u) = -5*u**3 - u**2 + 15*u + 13. Is h(-12) composite?
False
Let g(d) = 7*d**2 + d - 1. Let x(k) = k**2 + k + 1. Let l be x(-1). Let b be g(l). Suppose 5*t = b*t - 1038. Is t a composite number?
True
Let p be ((-84)/10)/(4/(-20)). Let d = 103 + p. Is d composite?
True
Let b be -158*(-2)/12*-21. Is (-3 - 4 - -3)*b/4 composite?
True
Let l be 2/7 - (-1984)/112. Suppose -5*h + l = -2*h. Let b = 13 - h. Is b a prime number?
True
Suppose 2*f + 168472 = 10*f. Is f a prime number?
True
Suppose -7*b - j = -11*b, -5*j + 20 = 0. Let y(x) = 512*x**3 - 1. Is y(b) a prime number?
False
Let y(i) be the second derivative of i**3/6 + i**2/2 + 5*i. Let d be y(11). Is 153 + d/(-3)*-1 a composite number?
False
Let t = -116 - -63. Let c = -12 - t. Suppose 3*g + c = y, -5*g + 99 = -4*y + 249. Is y composite?
True
Let n = 502 + 1719. Is n a prime number?
True
Let q = 86 - 86. Let h(v) = -2*v**2 + 681. Is h(q) composite?
True
Is (3/9)/(-3 - 231744/(-77247)) prime?
False
Let z(v) = v**2 + 7*v + 4. Let u be z(-7). Suppose -x + 4*c - 3613 = -u*x, 2*x - 2386 = 3*c. Is x composite?
True
Suppose 9*f - 7215 = -4*f. Let d(s) = 2*s**2 + s - 4. Let r be d(12). Let g = f - r. Is g prime?
False
Let j = 9 - 14. Is 116*-4*j/40 composite?
True
Suppose -3*t = -3 - 18. Suppose 552 = 5*k - t*k. Let y = k + 453. Is y composite?
True
Let z be ((-5)/10)/(3/(-72)). Suppose -5*w + z = -w. Suppose -125 - 283 = -3*q - 3*u, 0 = -q - w*u + 142. Is q a composite number?
True
Let w = -41 - -26. Let k(p) = -67*p + 13*p**2 - 14*p**2 + 43*p + 6. Is k(w) prime?
False
Let c(t) = 114*t**2 + 7*t - 11. Let n be c(3). Suppose d - 79 = n. Is d a prime number?
False
Let a = 105 - 321. Let v = a + 303. Is v a prime number?
False
Suppose -2*f - f = -z - 4, -z = -2*f + 4. Let s be 2443/63 - z/18. Let n = s - -28. Is n prime?
True
Let r be 2/(6/3) - 1. Suppose r = -2*s + 5*s + 36. Is (-58)/(-4)*(2 - s) composite?
True
Suppose -o + 5*w + 52 = -0*w, -o = -4*w - 52. Let a(x) = x**2 - 11 - 17 + o - 8*x. Is a(-11) composite?
False
Suppose 8*d - 5*u = 9*d - 1303, -2645 = -2*d + 3*u. Is d a prime number?
False
Suppose 4*t - 40 = 3*y - 455, -2*y = -5*t - 272. Is y prime?
False
Is (7467/(-76))/(3/(-52)) a prime number?
False
Suppose -2*x + 3*c + 21670 = 0, 14*c - 9*c = 20. Is x composite?
True
Let l be (200/(-28))/((-3)/21). Suppose -j - 24 = 3*a, 2*j + 3*a + l = 5